0. Let q(m) = 1. Let a(f) = f + 1. Let w(i) = g*q(i) + 2*a(i). Give w(3).
5
Let q(n) = -n**2 + 10*n + 5. Let a be q(10). Let l(w) = a - w + 2 - 4*w + 4*w. What is l(0)?
7
Let x = -29 + 27. Let b(g) = g - 1. Calculate b(x).
-3
Let n(j) = 5*j**2 + 2*j - 3. Let w(f) = -8*f - 1. Let g be w(-1). Let m(c) = 2 - g + 2 + 2*c + 6*c**2. Let l(d) = 4*m(d) - 5*n(d). Calculate l(2).
-5
Let u(i) = -3*i**3 + 16*i**2 - 13*i - 3. Let f(z) = -2*z**3 + 11*z**2 - 9*z - 2. Let n(v) = 7*f(v) - 5*u(v). Determine n(2).
1
Suppose -2*s = 3*s - 15. Let c(g) = -g**3 + g. Let t be c(-1). Let w(n) = -3*n + t*n + 3 - n**3 + 2*n**2 - n + 3*n**2. Determine w(s).
9
Let x(z) be the third derivative of -1/60*z**5 + 6*z**2 + 0*z**3 - 5/24*z**4 + 0 + 0*z. Calculate x(-6).
-6
Let d(z) = z**2 - 7*z + 2. Let m be d(7). Let v(s) = 0*s - m*s - s**2 + s. Let o = -6 + 4. Determine v(o).
-2
Let t(x) = x**2 - 6*x. Let y be t(6). Let i(f) = -f + 1. Let h be i(y). Let o(r) = 5*r + 1. Give o(h).
6
Let k(a) = 1. Suppose -2*n - 15 = n. Let l(g) = -4*g - 8. Let b(p) = n*k(p) - l(p). Determine b(-3).
-9
Suppose -24 = -5*x + 3*i, -5*x + 27 = -5*i + i. Suppose -3*a = -5*o - 6*a + 45, -15 = -x*a. Let l(b) = -2 + 3*b**2 + o*b**3 - 5*b**3 + 3. What is l(-3)?
1
Suppose -k - 2 = g, -k = -2*g + 5*g + 2. Suppose -5*y = -g*y - 25. Let z(l) = -l**3 + 6*l**2 - 6*l - 4. Calculate z(y).
-9
Let l(z) = 6*z + 2. Suppose 0 = -3*u + r - 10, 3*u + 0*r = -r - 2. Give l(u).
-10
Let u(z) be the second derivative of z**4/6 + z**2/2 + 5*z. Give u(-1).
3
Let x be 2 - ((1 - 0) + 6). Let f(g) be the third derivative of 0*g - 1/12*g**5 - g**2 - 1/120*g**6 - 1/12*g**4 - 1/2*g**3 + 0. Determine f(x).
7
Let f(d) be the first derivative of d**4/12 + d**3 - 3*d**2 - 3*d + 5. Let j(a) be the first derivative of f(a). Give j(-6).
-6
Let h(y) be the first derivative of y**4/4 + y**3 - y**2/2 + 4*y - 16. What is h(-3)?
7
Suppose -3*h + 5*x - 12 = 0, -2*x + 4*x = 6. Let n(z) = -h - 3*z + z - 2. Calculate n(-5).
7
Let f(j) be the second derivative of 0 - 2*j + 3*j**2 - 1/6*j**3. Let l be f(5). Let h(z) = z + 1. Calculate h(l).
2
Suppose -2*o + 1 = -9. Let u = -5 + o. Let w(m) = m**3 - m**2. What is w(u)?
0
Let q(s) = -s**3 - 6*s**2 - 5*s - 6. Suppose 0 = -4*m + 6*m + 8. Determine q(m).
-18
Let u(x) = 3*x - 20 + x**2 + 17 - x. Suppose 0 = n + g - 4*g - 1, 0 = -5*n + 5*g - 25. Let c be (n/6)/(1/3). Determine u(c).
5
Let c(s) = s - 1. Let m(l) = -l. Let b(f) = c(f) + 2*m(f). Calculate b(-4).
3
Let k = 4 + -1. Suppose -f = -3*f - 2*t + 14, -4*t + 26 = k*f. Let x be -4 + (f - 2) - 0. Let c(u) = u + 1. What is c(x)?
-3
Let g(f) = -3*f. Suppose 32 = 4*t - 0*y + y, 4*y = 2*t - 16. Let w be ((-1)/(-2))/(2/t). Give g(w).
-6
Suppose i + 2*h = 6, -3*i = 4*h - 11 - 3. Let d(b) = 3*b**2 - i*b + 2*b**2 - 6*b**2 + 0*b**2 + b**3. Calculate d(2).
0
Let u(o) be the first derivative of -2*o**2 + 5/3*o**3 - 4 - 1/4*o**4 - 3*o. Calculate u(4).
-3
Suppose -f + 16 = 3*f. Suppose -f*v - 5 = -25. Let r(y) be the second derivative of -y**3/6 - y**2/2 + 2*y. What is r(v)?
-6
Let r(g) = g**2 + g - 3. Let p(j) be the third derivative of -1/12*j**4 + 1/6*j**3 + 0 - 1/30*j**5 + 0*j + 2*j**2. Let m be p(1). Determine r(m).
3
Let c(q) = 2*q**2 + q. Let i(w) = w**2 - 1. Let h(u) = c(u) - i(u). Determine h(-3).
7
Let n(d) = 11*d. Suppose 0 = -3*t + 11 + 1. Suppose -7*h = -t*h - 3. Give n(h).
11
Suppose -3*o - 1 = 4*l, 3*l - 3*o + 11 = 4*l. Let p(x) = 3*x - 1. Let n(r) = r**2 + 1. Let k(c) = -n(c) - p(c). Give k(l).
-4
Let s be (-2)/3 + (-35)/(-3). Suppose 0*l - s = -l. Suppose -l = 3*i - 2. Let d(b) = -b - 3. Determine d(i).
0
Let u(l) = -l + 10. Let b be u(10). Let o(z) = -z + 5 - 2 + b. What is o(4)?
-1
Let z(c) = 2*c**3 + 4*c**2 + c - 2. Let x be -1 - 1/(3 - 2). What is z(x)?
-4
Let r(p) = -p**3 - p**2 + 11*p - 1. Let c(g) = g**3 + g**2 - 10*g + 1. Let k(t) = 7*c(t) + 6*r(t). Calculate k(-3).
-5
Let q(r) = r - 9. Let s be q(11). Let j(m) = -m**3 - 1 - 6*m + 7 + 2*m - 6*m**s. Suppose 0 = h + 4*h + 2*i + 17, 0 = 5*h + 5*i + 5. What is j(h)?
1
Suppose 4*t + 2 = -14. Let y(v) = v**2 - v - 1. Let n(a) = -5*a**2 + 2*a + 9. Let l(c) = t*y(c) - n(c). Calculate l(-5).
10
Let x(u) = -u**3 + 8*u**2. Let s be x(8). Suppose s*b = -5*b. Let t(w) = w**3 + w + 2. Determine t(b).
2
Suppose 3*r + 2 = 5. Let u = 23 + -16. Let k(h) = 2 - 2 + u*h. Determine k(r).
7
Let h(g) = -g. Suppose 4*s + 10 = -2. Let z = 13 + s. Let f be (-1)/(-5) + (-62)/z. What is h(f)?
6
Let j(v) = 2*v**2 - 8*v - 5. Let x(l) = 3*l**2 - 8*l - 5. Let k(y) = -4*j(y) + 3*x(y). What is k(-7)?
-2
Suppose 0 = -2*m - 4*d - 10, m + 12 = 6*d - d. Let z(v) = 3*v**2 - 11*v + 3. Let t(p) = -p**2 + 6*p - 1. Let y(u) = 5*t(u) + 2*z(u). Give y(m).
-6
Let b = 10 - 10. Let m(y) be the second derivative of 1/6*y**3 + 2*y + b + 0*y**2. Give m(0).
0
Let s(l) = -l**3 - 6*l**2 - 7*l - 6. Let f be s(-5). Let n(c) = -c**2 + 2*c + 6. Let t be n(f). Let g(u) = -2*u**2 - 3*u. Give g(t).
-2
Let f(p) = -p - 7. Suppose 0 = -3*u - 2*q - 60, 9*u + 3*q + 99 = 4*u. Let m = 14 + u. What is f(m)?
-3
Let t(m) = m**2 + 10*m + 2. Let o be t(-9). Let j(g) = g**3 + 6*g**2 - 7*g. Give j(o).
0
Let x(s) = -s**3 - s**2 + 3*s + 1. Let h be x(-2). Suppose 5*w - w = l + 12, 4*l + w = 20. Let p(o) = -2*o**2 + 6*o**2 - l*o - 1 - 2*o + 4*o. Give p(h).
5
Suppose 2*m = -5*m - 42. Let k(x) be the third derivative of -x**6/360 - x**5/15 + x**4/24 - x**2. Let n(l) be the second derivative of k(l). What is n(m)?
4
Let l(x) = x**3 + 9*x**2 - 8*x. Let s(g) = -g**3 - 8*g**2 + 7*g. Let i(h) = 6*l(h) + 7*s(h). Let j be i(-2). Let y(u) = 2*u + 2. Determine y(j).
-2
Let z = -19 - -22. Let i(n) = z*n - 3*n - 17 - n + 20. Give i(4).
-1
Let q(x) = 4 + x**3 + 0*x**3 + 2*x + 39*x**2 - 33*x**2. Calculate q(-6).
-8
Let y(q) = q**3 + 3*q**2 + 4. Let l = -3 + 0. Let i be y(l). Let k(h) = -i + 5*h - 6*h - 3. Give k(-5).
-2
Let p(a) be the first derivative of 1/3*a**3 + a**2 + 4 + 3*a. Let g(z) = z**2 + 5*z - 8. Let c be g(-6). Determine p(c).
3
Suppose 0 = -p + 5*f - 19, -5*p - 4*f + 17 = -f. Let s(m) be the second derivative of -m**3/6 + m**2 - 13*m. What is s(p)?
1
Let f(l) = -31*l - 1. Let z be f(1). Let i = -27 - z. Let j(g) be the first derivative of g**3/3 - 2*g**2 - 2*g + 1. Give j(i).
3
Let o(l) be the first derivative of -5*l**3/3 + l - 3. Let f = 3 - 1. Suppose 4*y - 6 = -f. What is o(y)?
-4
Let n(j) = j**2 + 11*j - 16. Let t be n(-12). Let g(b) = -b**2 - 10*b - 5. Determine g(t).
19
Let x(j) = -j**3 + 7*j**2 - 7*j + 8. Let u be 18/4*(-8)/(-6). Determine x(u).
2
Let a(k) = -k**3 - 2*k**2 + 2*k - 2. Let h(u) = u**2 + u - 3. Let f be h(0). Let l be a(f). Let t(i) = 6*i**2 - i. Determine t(l).
5
Suppose 0 = t, -2 = -x - 0*x + 5*t. Let g(w) = -w**2 + 0*w**x - 14*w**3 - 4 + 0 + 5. Calculate g(1).
-14
Let v(b) be the third derivative of -b**5/20 + b**4/8 - b**3/3 - 17*b**2. What is v(2)?
-8
Let r be 65/20 - (-1)/(-4). Let c(n) = -5*n + 9*n + 9 - r*n. What is c(-6)?
3
Let g be 6*((-9)/6 + 2). Let n(t) = -3*t**2 - 3*t + 4*t**2 - t**2 + 2*t**2 - 4. Calculate n(g).
5
Let k(t) = t**2 + t - 1. Let q(j) = -j - 4. Let i be q(-4). Let r be i*(1 - (-2)/(-4)). Suppose -d - 2*d = r. What is k(d)?
-1
Let d(v) = 2*v**2 + 5*v**2 - 2*v**2 - 6*v**2 - 1. Calculate d(0).
-1
Let t(u) = -u**3 + 3*u**2 - 3*u. Let x(l) = l - 11. Let s be x(14). Determine t(s).
-9
Let d(y) be the second derivative of y**4/12 - 3*y**3/2 + 2*y**2 + 12*y. Determine d(5).
-16
Let t(x) = x**3 + 6*x**2 + 7*x + 6. Let h(d) = d**2 - 11*d + 13. Let m be h(9). Let f be t(m). Let w(q) = q**3 + q + 1 + 4*q + 6*q**2 - 5. Give w(f).
8
Let m(i) = i - 3. Let g(p) = -p**3 + 1. Let o be g(2). Let f be (-7 - o)/(-3 - -1). Calculate m(f).
-3
Let p(m) = -15*m + 1. Let a = 70 + -69. Determine p(a).
-14
Let k(j) be the third derivative of -j**5/60 + j**4/24 + j**3/2 - j**2. Let m(a) = -a - 2. Let q be m(-6). Suppose l = -q*l. Calculate k(l).
3
Let p(g) = 7*g - 4. Let m(q) = 7*q - 5. Let z(a) = 4*m(a) - 5*p(a). Suppose 5*h - 23 = -2*y, -5*y + 6*h - 3*h - 20 = 0. Give z(y).
7
Let n = -67 - -66. Let p(s) = 6*s**2 - 1. Let t(b) = 13*b**2 - 2. Let x(c) = 5*p(c) - 2*t(c). Give x(n).
3
Let c(a) = a**2 + 0*a**3 - 9*a**2 - a**3 + 10 - 10*a - 4*a**2. Let k be c(-11). Let b(x) = -4*x**3. Calculate b(k).
4
Suppose 0 = -4*l + 20 + 16. Let a(s) = -1 - s 